{"id":6016,"date":"2021-03-18T09:24:09","date_gmt":"2021-03-18T08:24:09","guid":{"rendered":"https:\/\/eimediacion.edu.es\/?page_id=6016"},"modified":"2026-02-17T10:00:40","modified_gmt":"2026-02-17T09:00:40","slug":"condiciones-de-venta","status":"publish","type":"page","link":"https:\/\/eimediacion.edu.es\/cat\/condiciones-de-venta\/","title":{"rendered":"Condicions de venda"},"content":{"rendered":"<div class=\"gb-container gb-container-fe9f7b9d alignfull\"><div class=\"gb-inside-container\">\n<div class=\"gb-container gb-container-41eb6c06\"><div class=\"gb-inside-container\">\n\n<div style=\"height:45px\" aria-hidden=\"true\" class=\"wp-block-spacer\"><\/div>\n\n\n\n<div class=\"wp-block-columns is-layout-flex wp-container-core-columns-is-layout-9d6595d7 wp-block-columns-is-layout-flex\">\n<div class=\"wp-block-column is-vertically-aligned-center is-layout-flow wp-block-column-is-layout-flow\">\n<h2 class=\"wp-block-heading has-text-align-center alturaLinea has-base-3-color has-text-color\" style=\"font-size:3em;letter-spacing:-3px;text-transform:none\"><strong>Condicions de venda <span style=\"background-image: linear-gradient(61deg,#ffffff,#a92a3d);background-repeat: no-repeat;background-position: 0px bottom;background-size: 100% 7px;border-radius: 17px;\">EIM<\/span><\/strong><\/h2>\n<\/div>\n\n\n\n<div class=\"wp-block-column is-layout-flow wp-block-column-is-layout-flow\"><div class=\"wp-block-image\">\n<figure class=\"aligncenter size-full is-resized\"><img loading=\"lazy\" decoding=\"async\" width=\"718\" height=\"189\" src=\"https:\/\/eimediacion.edu.es\/wp-content\/uploads\/2021\/04\/logo-eim-webinar.png\" alt=\"\" class=\"wp-image-23723\" style=\"width:312px;height:83px\" title=\"\" srcset=\"https:\/\/eimediacion.edu.es\/wp-content\/uploads\/2021\/04\/logo-eim-webinar.png 718w, https:\/\/eimediacion.edu.es\/wp-content\/uploads\/2021\/04\/logo-eim-webinar-376x99.png 376w, https:\/\/eimediacion.edu.es\/wp-content\/uploads\/2021\/04\/logo-eim-webinar-678x178.png 678w\" sizes=\"auto, (max-width: 718px) 100vw, 718px\" \/><\/figure>\n<\/div><\/div>\n<\/div>\n\n<\/div><\/div>\n<\/div><\/div>\n\n\n<p class=\"enlace\">Responsable: Mainjobs Internacional Educativa i Tecnol\u00f2gica SAU \u2013 CIF: A-92909068 Dir. postal: Bulevard Louis Pasteur 15 local Edifici Sky Garden. 29010. M\u00e0laga. Tel\u00e8fon: 952062923 Correu electr\u00f2nic:\u00a0<a class=\"rank-math-link\" href=\"mailto:cumplimiento@mainfor.edu.es\"><mark style=\"background-color:rgba(0, 0, 0, 0);color:#8F2D3B\" class=\"has-inline-color\">cumplimiento@grupomainjobs.com<\/mark><\/a><\/p>\n\n\n\n<p>Mainjobs Internacional Educativa i Tecnol\u00f2gica SAU, d&#039;ara endavant EIM (Escola Internacional de Mediaci\u00f3), disposa d&#039;aquesta p\u00e0gina web de venda i exposici\u00f3 de productes (d&#039;ara endavant la \u201cWeb\u201d) \u00e9s un comer\u00e7 electr\u00f2nic accessible per la xarxa d&#039;Internet a l&#039;adre\u00e7a https :\/\/eimediacion.edu.\u00e9s. Qualsevol usuari (d&#039;ara endavant l&#039;Usuari), pot accedir a aquesta web.<\/p>\n\n\n\n<p>La Web permet navegar a l&#039;Usuari lliurement, sense que aix\u00f2 us comprometi de cara a una possible comanda. La Web permet a EIM oferir a la venda de programes formatius o cursos (Serveis) a Usuaris que hi naveguin.<\/p>\n\n\n\n<p>Per a l&#039;aplicaci\u00f3 de les presents condicions, queda acordat que l&#039;Usuari i l&#039;EIM seran denominats conjuntament les \u201cParts\u201d i individualment la \u201cPart\u201d i que l&#039;Usuari que hagi validat una comanda s&#039;anomenar\u00e0 aleshores el \u201cComprador\u201d.<\/p>\n\n\n\n<p>Els drets i les obligacions de l&#039;Usuari s&#039;apliquen necess\u00e0riament al Comprador.<\/p>\n\n\n\n<p>Tota comanda oferida a la venda a la Web suposa la consulta i l&#039;acceptaci\u00f3 expressa de les presents condicions generals de venda, sense que per aix\u00f2, aquesta acceptaci\u00f3 estigui condicionada per la signatura manuscrita per part de l&#039;Usuari.<\/p>\n\n\n\n<p>L&#039;Usuari que volgu\u00e9s comprar a la Web declara ser major de 18 anys. Els menors d&#039;edat han d&#039;obtenir pr\u00e8viament perm\u00eds dels pares, tutors o representants legals, els quals seran considerats responsables de tots els actes realitzats per menors a c\u00e0rrec seu.<\/p>\n\n\n\n<p>L&#039;usuari podr\u00e0 conservar o imprimir aquestes condicions de venda sempre que no les modifiqui.<\/p>\n\n\n\n<p>La llengua habilitada per a la contractaci\u00f3 de serveis dEIM \u00e9s castell\u00e0.<\/p>\n\n\n\n<p>Per dur a terme el procediment de contractaci\u00f3 de serveis l&#039;Usuari haur\u00e0 d&#039;iniciar el proc\u00e9s guiat des de l&#039;apartat &#039;Matr\u00edcula&#039; i seleccionar l&#039;acci\u00f3 formativa que voleu contractar.<\/p>\n\n\n\n<p>Durant el proc\u00e9s de contractaci\u00f3 l&#039;Usuari tindr\u00e0 la possibilitat de revisar les dades per identificar i corregir els errors en la introducci\u00f3 de les dades abans de confirmar-les. A la finalitzaci\u00f3 del proc\u00e9s de contractaci\u00f3, l&#039;Usuari podr\u00e0 visualitzar i imprimir un extracte del servei contractat. Igualment rebr\u00e0 una c\u00f2pia del mateix de forma autom\u00e0tica a trav\u00e9s de correu electr\u00f2nic.<\/p>\n\n\n\n<p>EIM. amb la finalitat de millorar els serveis oferts a la seva web, es reserva el dret de modificar en qualsevol moment les presents Condicions Generals i espec\u00edfiques de venda, sense av\u00eds previ. Mitjan\u00e7ant la modificaci\u00f3 de les Condicions Generals exposades a la p\u00e0gina web d&#039;EIM, s&#039;entendr\u00e0 com a complert el deure de notificaci\u00f3 als usuaris amb antelaci\u00f3 suficient, no obstant aix\u00f2, s&#039;ent\u00e9n que aquestes modificacions no s&#039;aplicaran a les reserves o comandes pr\u00e8viament acceptades i confirmats pel Comprador.<\/p>\n\n\n\n<p>Aquestes condicions s&#039;apliquen amb exclusi\u00f3 de qualsevol altre document.<\/p>","protected":false},"excerpt":{"rendered":"<p>Condiciones de venta EIM Responsable: Mainjobs Internacional Educativa y Tecnol\u00f3gica S.A.U \u2013 CIF: A-92909068\u00a0Dir. postal: Bulevar Louis Pasteur 15 local Edificio Sky Garden. 29010. M\u00e1laga. Tel\u00e9fono: 952062923 Correo electr\u00f3nico:\u00a0cumplimiento@grupomainjobs.com Mainjobs Internacional Educativa y Tecnol\u00f3gica S.A.U, en adelante EIM (Escuela Internacional de Mediaci\u00f3n), dispone de esta p\u00e1gina web de venta y &#8230; <a title=\"Condicions de venda\" class=\"read-more\" href=\"https:\/\/eimediacion.edu.es\/cat\/condiciones-de-venta\/\" aria-label=\"M\u00e9s informaci\u00f3 sobre Condicions de venda\">Llegir m\u00e9s<\/a><\/p>","protected":false},"author":3,"featured_media":0,"parent":0,"menu_order":0,"comment_status":"closed","ping_status":"closed","template":"","meta":{"inline_featured_image":false,"footnotes":""},"class_list":["post-6016","page","type-page","status-publish"],"_links":{"self":[{"href":"https:\/\/eimediacion.edu.es\/cat\/wp-json\/wp\/v2\/pages\/6016","targetHints":{"allow":["GET"]}}],"collection":[{"href":"https:\/\/eimediacion.edu.es\/cat\/wp-json\/wp\/v2\/pages"}],"about":[{"href":"https:\/\/eimediacion.edu.es\/cat\/wp-json\/wp\/v2\/types\/page"}],"author":[{"embeddable":true,"href":"https:\/\/eimediacion.edu.es\/cat\/wp-json\/wp\/v2\/users\/3"}],"replies":[{"embeddable":true,"href":"https:\/\/eimediacion.edu.es\/cat\/wp-json\/wp\/v2\/comments?post=6016"}],"version-history":[{"count":1,"href":"https:\/\/eimediacion.edu.es\/cat\/wp-json\/wp\/v2\/pages\/6016\/revisions"}],"predecessor-version":[{"id":46313,"href":"https:\/\/eimediacion.edu.es\/cat\/wp-json\/wp\/v2\/pages\/6016\/revisions\/46313"}],"wp:attachment":[{"href":"https:\/\/eimediacion.edu.es\/cat\/wp-json\/wp\/v2\/media?parent=6016"}],"curies":[{"name":"wp","href":"https:\/\/api.w.org\/{rel}","templated":true}]}}

<div class="gb-container gb-container-fe9f7b9d alignfull"><div class="gb-inside-container">
<div class="gb-container gb-container-41eb6c06"><div class="gb-inside-container">

<div style="height:45px" aria-hidden="true" class="wp-block-spacer"></div>



<div class="wp-block-columns is-layout-flex wp-container-core-columns-is-layout-9d6595d7 wp-block-columns-is-layout-flex">
<div class="wp-block-column is-vertically-aligned-center is-layout-flow wp-block-column-is-layout-flow">
<h2 class="wp-block-heading has-text-align-center alturaLinea has-base-3-color has-text-color" style="font-size:3em;letter-spacing:-3px;text-transform:none"><strong>Condicions de venda <span style="background-image: linear-gradient(61deg,#ffffff,#a92a3d);background-repeat: no-repeat;background-position: 0px bottom;background-size: 100% 7px;border-radius: 17px;">EIM</span></strong></h2>
</div>



<div class="wp-block-column is-layout-flow wp-block-column-is-layout-flow"><div class="wp-block-image">
<figure class="aligncenter size-full is-resized"><img loading="lazy" decoding="async" width="718" height="189" src="https://eimediacion.edu.es/wp-content/uploads/2021/04/logo-eim-webinar.png" alt="" class="wp-image-23723" style="width:312px;height:83px" title="" srcset="https://eimediacion.edu.es/wp-content/uploads/2021/04/logo-eim-webinar.png 718w, https://eimediacion.edu.es/wp-content/uploads/2021/04/logo-eim-webinar-376x99.png 376w, https://eimediacion.edu.es/wp-content/uploads/2021/04/logo-eim-webinar-678x178.png 678w" sizes="auto, (max-width: 718px) 100vw, 718px" /></figure>
</div></div>
</div>

</div></div>
</div></div>


<p class="enlace">Responsable: Mainjobs Internacional Educativa i Tecnològica SAU – CIF: A-92909068 Dir. postal: Bulevard Louis Pasteur 15 local Edifici Sky Garden. 29010. Màlaga. Telèfon: 952062923 Correu electrònic: <a class="rank-math-link" href="mailto:cumplimiento@mainfor.edu.es"><mark style="background-color:rgba(0, 0, 0, 0);color:#8F2D3B" class="has-inline-color">cumplimiento@grupomainjobs.com</mark></a></p>



<p>Mainjobs Internacional Educativa i Tecnològica SAU, d&#039;ara endavant EIM (Escola Internacional de Mediació), disposa d&#039;aquesta pàgina web de venda i exposició de productes (d&#039;ara endavant la “Web”) és un comerç electrònic accessible per la xarxa d&#039;Internet a l&#039;adreça https ://eimediacion.edu.és. Qualsevol usuari (d&#039;ara endavant l&#039;Usuari), pot accedir a aquesta web.</p>



<p>La Web permet navegar a l&#039;Usuari lliurement, sense que això us comprometi de cara a una possible comanda. La Web permet a EIM oferir a la venda de programes formatius o cursos (Serveis) a Usuaris que hi naveguin.</p>



<p>Per a l&#039;aplicació de les presents condicions, queda acordat que l&#039;Usuari i l&#039;EIM seran denominats conjuntament les “Parts” i individualment la “Part” i que l&#039;Usuari que hagi validat una comanda s&#039;anomenarà aleshores el “Comprador”.</p>



<p>Els drets i les obligacions de l&#039;Usuari s&#039;apliquen necessàriament al Comprador.</p>



<p>Tota comanda oferida a la venda a la Web suposa la consulta i l&#039;acceptació expressa de les presents condicions generals de venda, sense que per això, aquesta acceptació estigui condicionada per la signatura manuscrita per part de l&#039;Usuari.</p>



<p>L&#039;Usuari que volgués comprar a la Web declara ser major de 18 anys. Els menors d&#039;edat han d&#039;obtenir prèviament permís dels pares, tutors o representants legals, els quals seran considerats responsables de tots els actes realitzats per menors a càrrec seu.</p>



<p>L&#039;usuari podrà conservar o imprimir aquestes condicions de venda sempre que no les modifiqui.</p>



<p>La llengua habilitada per a la contractació de serveis dEIM és castellà.</p>



<p>Per dur a terme el procediment de contractació de serveis l&#039;Usuari haurà d&#039;iniciar el procés guiat des de l&#039;apartat &#039;Matrícula&#039; i seleccionar l&#039;acció formativa que voleu contractar.</p>



<p>Durant el procés de contractació l&#039;Usuari tindrà la possibilitat de revisar les dades per identificar i corregir els errors en la introducció de les dades abans de confirmar-les. A la finalització del procés de contractació, l&#039;Usuari podrà visualitzar i imprimir un extracte del servei contractat. Igualment rebrà una còpia del mateix de forma automàtica a través de correu electrònic.</p>



<p>EIM. amb la finalitat de millorar els serveis oferts a la seva web, es reserva el dret de modificar en qualsevol moment les presents Condicions Generals i específiques de venda, sense avís previ. Mitjançant la modificació de les Condicions Generals exposades a la pàgina web d&#039;EIM, s&#039;entendrà com a complert el deure de notificació als usuaris amb antelació suficient, no obstant això, s&#039;entén que aquestes modificacions no s&#039;aplicaran a les reserves o comandes prèviament acceptades i confirmats pel Comprador.</p>



<p>Aquestes condicions s&#039;apliquen amb exclusió de qualsevol altre document.</p>

<p>Condiciones de venta EIM Responsable: Mainjobs Internacional Educativa y Tecnológica S.A.U – CIF: A-92909068 Dir. postal: Bulevar Louis Pasteur 15 local Edificio Sky Garden. 29010. Málaga. Teléfono: 952062923 Correo electrónico: cumplimiento@grupomainjobs.com Mainjobs Internacional Educativa y Tecnológica S.A.U, en adelante EIM (Escuela Internacional de Mediación), dispone de esta página web de venta y &#8230; <a title="Condicions de venda" class="read-more" href="https://eimediacion.edu.es/cat/condiciones-de-venta/" aria-label="Més informació sobre Condicions de venda">Llegir més</a></p>
