{"id":6010,"date":"2021-03-18T09:20:37","date_gmt":"2021-03-18T08:20:37","guid":{"rendered":"https:\/\/eimediacion.edu.es\/?page_id=6010"},"modified":"2023-02-16T13:12:06","modified_gmt":"2023-02-16T12:12:06","slug":"politica-de-calidad","status":"publish","type":"page","link":"https:\/\/eimediacion.edu.es\/cat\/politica-de-calidad\/","title":{"rendered":"Pol\u00edtica de qualitat"},"content":{"rendered":"<div class=\"gb-container gb-container-fe9f7b9d alignfull\"><div class=\"gb-inside-container\">\n<div class=\"gb-container gb-container-41eb6c06\"><div class=\"gb-inside-container\">\n\n<div style=\"height:45px\" aria-hidden=\"true\" class=\"wp-block-spacer\"><\/div>\n\n\n\n<div class=\"wp-block-columns is-layout-flex wp-container-core-columns-is-layout-9d6595d7 wp-block-columns-is-layout-flex\">\n<div class=\"wp-block-column is-vertically-aligned-center is-layout-flow wp-block-column-is-layout-flow\">\n<h2 class=\"has-text-align-center alturaLinea has-base-3-color has-text-color wp-block-heading\" style=\"font-size:3em;letter-spacing:-3px;text-transform:none\"><strong>Pol\u00edtica de Qualitat <span style=\"background-image: linear-gradient(61deg,#ffffff,#a92a3d);background-repeat: no-repeat;background-position: 0px bottom;background-size: 100% 7px;border-radius: 17px;\">EIM<\/span><\/strong><\/h2>\n<\/div>\n\n\n\n<div class=\"wp-block-column is-layout-flow wp-block-column-is-layout-flow\"><div class=\"wp-block-image\">\n<figure class=\"aligncenter size-full is-resized\"><img loading=\"lazy\" decoding=\"async\" src=\"https:\/\/eimediacion.edu.es\/wp-content\/uploads\/2021\/04\/logo-eim-webinar.png\" alt=\"\" class=\"wp-image-23723\" width=\"312\" height=\"83\" title=\"\" srcset=\"https:\/\/eimediacion.edu.es\/wp-content\/uploads\/2021\/04\/logo-eim-webinar.png 718w, https:\/\/eimediacion.edu.es\/wp-content\/uploads\/2021\/04\/logo-eim-webinar-376x99.png 376w, https:\/\/eimediacion.edu.es\/wp-content\/uploads\/2021\/04\/logo-eim-webinar-678x178.png 678w\" sizes=\"auto, (max-width: 312px) 100vw, 312px\" \/><\/figure>\n<\/div><\/div>\n<\/div>\n\n<\/div><\/div>\n<\/div><\/div>\n\n\n<p>Mainjobs Internacional Educativa i Tecnol\u00f2gica SAU \u00e9s una empresa de&nbsp;<strong>CONSULTORIA I SERVEIS GLOBALS DE FORMACI\u00d3<\/strong>&nbsp;l&#039;activitat principal del qual se centra en la gesti\u00f3 integral de plans de formaci\u00f3, des del diagn\u00f2stic de necessitats formatives de l&#039;entitat, p\u00fablica o privada, passant per la impartici\u00f3 de la formaci\u00f3 i finalitzant per l&#039;avaluaci\u00f3 de la formaci\u00f3 impartida, certificaci\u00f3 i liquidaci\u00f3.<\/p>\n\n\n\n<p>Gr\u00e0cies a la nostra permanent tasca de selecci\u00f3 i investigaci\u00f3 de tend\u00e8ncies, aix\u00ed com un contacte molt proper i constant amb la realitat socioecon\u00f2mica,&nbsp;<strong>Mainjobs <\/strong>s&#039;ha consolidat com a consultora de formaci\u00f3 per al desenvolupament professional dels treballadors i professionals.<\/p>\n\n\n\n<p>Establim que la Pol\u00edtica de Qualitat i Medi Ambient es basa en: Satisfer les expectatives dels nostres Clients mitjan\u00e7ant la Professionalitat del nostre Servei, respectant el Medi Ambient i aconseguint un alt nivell d&#039;efic\u00e0cia en tots els processos del desenvolupament de la nostra activitat, complint la Legislaci\u00f3 vigent i comptant amb la participaci\u00f3 de tots els treballadors. A m\u00e9s,&nbsp;<strong>Mainjobs <\/strong>precisa i assumeix els principis seg\u00fcents:<\/p>\n\n\n\n<ul class=\"wp-block-list\">\n<li>\u00c9s comunicada i entesa dins de l&#039;organitzaci\u00f3 i es revisa per a la seva adequaci\u00f3 cont\u00ednua als prop\u00f2sits de l&#039;organitzaci\u00f3.<\/li>\n\n\n\n<li>Ens comprometem al compliment dels requisits establerts per la normativa aplicable, pel client o altres requisits que subscrivim i la millora continua de l&#039;efic\u00e0cia del Sistema de Gesti\u00f3 Integrat, proporcionant un marc de refer\u00e8ncia per a l&#039;establiment i la revisi\u00f3 dels nostres objectius.<\/li>\n\n\n\n<li>El nostre objectiu \u00e9s aconseguir la satisfacci\u00f3 total del client, a trav\u00e9s del compliment i la millora de la qualitat de serveis i processos ambientals.<\/li>\n\n\n\n<li>Proximitat al client ia l&#039;alumne, mitjan\u00e7ant una atenci\u00f3 i un seguiment personalitzat, efica\u00e7 i professional.<\/li>\n\n\n\n<li>Assegurem la implantaci\u00f3 de mesures per disminuir l&#039;impacte d&#039;aspectes ambientals significatius de la nostra activitat, prevenint la contaminaci\u00f3, minimitzant el consum de recursos, i fomentant l&#039;efic\u00e0cia i l&#039;estalvi energ\u00e8tic.<\/li>\n\n\n\n<li>Ens comprometem que tots els recursos humans estan entrenats i motivats per satisfer les necessitats dels nostres clients, fomentant els suggeriments tant de clients com de treballadors i proporcionant la formaci\u00f3 cont\u00ednua necess\u00e0ria per potenciar els recursos humans de l&#039;empresa.<\/li>\n\n\n\n<li>\u00c9s apropiada a l&#039;activitat d&#039;execuci\u00f3 de les feines i als aspectes de qualitat i ambientals derivats. Per aconseguir aquest comprom\u00eds \u00e9s necess\u00e0ria la col\u00b7laboraci\u00f3 de tots els que integrem el capital hum\u00e0 de&nbsp;<strong>Mainjobs<\/strong>, aquesta Pol\u00edtica contribuiran a confeccionar un millor futur per a tothom ia obtenir el reconeixement dels nostres clients per l&#039;alt nivell dels serveis prestats.<\/li>\n<\/ul>","protected":false},"excerpt":{"rendered":"<p>Pol\u00edtica de Qualitat EIM Mainjobs Internacional Educativa i Tecnol\u00f2gica SAU \u00e9s una empresa de CONSULTORIA I SERVEIS GLOBALS DE FORMACI\u00d3 l&#039;activitat principal de la qual se centra en la gesti\u00f3 integral de plans de formaci\u00f3, des del diagn\u00f2stic de necessitats formatives de l&#039;entitat, p\u00fablica o privada, passant per la impartici\u00f3 de la formaci\u00f3 \u2026 <a title=\"Pol\u00edtica de qualitat\" class=\"read-more\" href=\"https:\/\/eimediacion.edu.es\/cat\/politica-de-calidad\/\" aria-label=\"M\u00e9s informaci\u00f3 sobre Pol\u00edtica de qualitat\">Llegir m\u00e9s<\/a><\/p>","protected":false},"author":3,"featured_media":0,"parent":0,"menu_order":0,"comment_status":"closed","ping_status":"closed","template":"","meta":{"inline_featured_image":false,"footnotes":""},"class_list":["post-6010","page","type-page","status-publish"],"_links":{"self":[{"href":"https:\/\/eimediacion.edu.es\/cat\/wp-json\/wp\/v2\/pages\/6010","targetHints":{"allow":["GET"]}}],"collection":[{"href":"https:\/\/eimediacion.edu.es\/cat\/wp-json\/wp\/v2\/pages"}],"about":[{"href":"https:\/\/eimediacion.edu.es\/cat\/wp-json\/wp\/v2\/types\/page"}],"author":[{"embeddable":true,"href":"https:\/\/eimediacion.edu.es\/cat\/wp-json\/wp\/v2\/users\/3"}],"replies":[{"embeddable":true,"href":"https:\/\/eimediacion.edu.es\/cat\/wp-json\/wp\/v2\/comments?post=6010"}],"version-history":[{"count":0,"href":"https:\/\/eimediacion.edu.es\/cat\/wp-json\/wp\/v2\/pages\/6010\/revisions"}],"wp:attachment":[{"href":"https:\/\/eimediacion.edu.es\/cat\/wp-json\/wp\/v2\/media?parent=6010"}],"curies":[{"name":"wp","href":"https:\/\/api.w.org\/{rel}","templated":true}]}}