{"id":46504,"date":"2026-05-06T09:10:05","date_gmt":"2026-05-06T07:10:05","guid":{"rendered":"https:\/\/eimediacion.edu.es\/?page_id=46504"},"modified":"2026-05-06T14:04:15","modified_gmt":"2026-05-06T12:04:15","slug":"ley-1-2025","status":"publish","type":"page","link":"https:\/\/eimediacion.edu.es\/cat\/ley-1-2025\/","title":{"rendered":"Llei 1\/2025"},"content":{"rendered":"<div class=\"gb-container gb-container-40575c83 alignfull\">\n<div class=\"gb-grid-wrapper gb-grid-wrapper-f1f4b08f\">\n<div class=\"gb-grid-column gb-grid-column-0c4b1a86\"><div class=\"gb-container gb-container-0c4b1a86\">\n<div class=\"gb-container gb-container-e5234d11\"><\/div>\n<\/div><\/div>\n\n<div class=\"gb-grid-column gb-grid-column-85cd9e94\"><div class=\"gb-container gb-container-85cd9e94\">\n<div class=\"gb-container gb-container-53f4c917\">\n\n<h2 class=\"gb-headline gb-headline-95349928 gb-headline-text\" data-aos=\"fade-up\" data-aos-duration=\"1000\">Ley Org\u00e1nica 1\/2025: la mediaci\u00f3n, ahora obligatoria<\/h2>\n\n\n\n<h4 class=\"gb-headline gb-headline-3f313587 gb-headline-text\" data-aos=\"fade-left\" data-aos-delay=\"150\" data-aos-duration=\"1000\"><strong>Entrada en vigor 3 abril 2025<br><\/strong><\/h4>\n\n\n\n<p class=\"gb-headline gb-headline-64351f60 gb-headline-text\" data-aos=\"fade\" data-aos-delay=\"350\" data-aos-duration=\"1000\">La nueva ley de eficiencia del Servicio P\u00fablico de Justicia convierte la mediaci\u00f3n en un requisito previo a la demanda judicial en asuntos civiles y mercantiles. Un cambio hist\u00f3rico que abre un mercado sin precedentes para las personas mediadoras.<\/p>\n\n<\/div>\n<\/div><\/div>\n<\/div>\n<\/div>\n\n\n\n<div data-aos-duration=\"1000\" data-aos=\"fade\" class=\"gb-container gb-container-32de07a5\" id=\"Formacion\">\n<div class=\"gb-container gb-container-c724ff15\">\n<div class=\"gb-grid-wrapper gb-grid-wrapper-9d30a81a\">\n<div class=\"gb-grid-column gb-grid-column-50496829\"><div class=\"gb-container gb-container-50496829\">\n\n<h2 class=\"gb-headline gb-headline-3adfcfce gb-headline-text\">El momento de posicionarse es\u00a0<em>ahora<\/em><\/h2>\n\n\n\n<p class=\"gb-headline gb-headline-3b7e15d5 gb-headline-text\">La Ley Org\u00e1nica 1\/2025 crea un nuevo ecosistema profesional. las personas mediadoras, despachos de abogados\/as, instituciones y empresas deben adaptarse con rapidez. Te ayudamos a entender el marco legal y a aprovechar las oportunidades de este nuevo mercado.<\/p>\n\n\n\n<p class=\"gb-headline gb-headline-2d5f73bd gb-headline-text\">La nueva Ley de Eficiencia del Servicio P\u00fablico de Justicia convierte la mediaci\u00f3n en requisito previo a toda demanda civil y mercantil. Un cambio hist\u00f3rico que redefine el acceso a la justicia en Espa\u00f1a.<\/p>\n\n\n\n<a class=\"gb-button gb-button-ddaa3d00 gb-button-text\" href=\"https:\/\/www.boe.es\/buscar\/act.php?id=BOE-A-2025-76\" target=\"_blank\" rel=\"noopener noreferrer nofollow\">Entender la ley<\/a>\n\n<\/div><\/div>\n\n<div class=\"gb-grid-column gb-grid-column-d6f59ece\"><div class=\"gb-container gb-container-d6f59ece\">\n\n<figure class=\"gb-block-image gb-block-image-3d3a00f3\"><a href=\"#formulario\"><img loading=\"lazy\" decoding=\"async\" width=\"2000\" height=\"1333\" class=\"gb-image gb-image-3d3a00f3\" src=\"https:\/\/eimediacion.edu.es\/wp-content\/uploads\/2026\/05\/733.jpg\" alt=\"\" title=\"733\" srcset=\"https:\/\/eimediacion.edu.es\/wp-content\/uploads\/2026\/05\/733.jpg 2000w, https:\/\/eimediacion.edu.es\/wp-content\/uploads\/2026\/05\/733-261x174.jpg 261w, https:\/\/eimediacion.edu.es\/wp-content\/uploads\/2026\/05\/733-1024x682.jpg 1024w, https:\/\/eimediacion.edu.es\/wp-content\/uploads\/2026\/05\/733-768x512.jpg 768w, https:\/\/eimediacion.edu.es\/wp-content\/uploads\/2026\/05\/733-1536x1024.jpg 1536w, https:\/\/eimediacion.edu.es\/wp-content\/uploads\/2026\/05\/733-18x12.jpg 18w\" sizes=\"auto, (max-width: 2000px) 100vw, 2000px\"><\/a><\/figure>\n\n\n\n<p class=\"gb-headline gb-headline-f3c97d62 gb-headline-text\"><strong>La Ley 1\/2025 ya est\u00e1 vigente, y en todos nuestros programas trabajamos conforme a sus disposiciones.<\/strong><\/p>\n\n<\/div><\/div>\n<\/div>\n<\/div>\n<\/div>\n\n<div class=\"gb-container gb-container-1cd35894 alignfull\" id=\"Que-es\">\n<div class=\"gb-container gb-container-688e663e\">\n<div class=\"gb-container gb-container-83706c54\" id=\"ley\"><div class=\"gb-inside-container\">\n<div class=\"gb-grid-wrapper gb-grid-wrapper-e6adea89\">\n<div class=\"gb-grid-column gb-grid-column-bda2ced0\"><div class=\"gb-container gb-container-bda2ced0\"><div class=\"gb-inside-container\">\n\n<h2 class=\"gb-headline gb-headline-17ffd244\"><span class=\"gb-icon\"><svg viewBox=\"0 0 16 16\" xmlns=\"http:\/\/www.w3.org\/2000\/svg\" fill=\"#000000\"><g id=\"SVGRepo_bgCarrier\" stroke-width=\"0\"><\/g><g id=\"SVGRepo_tracerCarrier\" stroke-linecap=\"round\" stroke-linejoin=\"round\"><\/g><g id=\"SVGRepo_iconCarrier\"><path d=\"M2 5C.892 5 0 5.892 0 7v7c0 1.108.892 2 2 2h9c1.108 0 2-.892 2-2v-3.8L16 7h-3c0-1.108-.892-2-2-2zm4.438 2C7.75 6.926 8.926 7.936 9 9.25c0 1.121-.308 1.544-1.281 2.281a1.68 1.68 0 00-.281.25c-.04.05-.032.033-.032.031.006.423-.39.782-.812.782a.79.79 0 01-.781-.782c0-.401.179-.754.375-1a3.14 3.14 0 01.562-.562 3.85 3.85 0 00.563-.531c.074-.09.097-.24.093-.344v-.031a.785.785 0 00-.843-.75c-.451.025-.813.362-.851.758a.697.697 0 01-.718.648.816.816 0 01-.781-.594 1.725 1.725 0 01.01-.533c.005-.014.006-.03.012-.043.202-1.024 1.09-1.768 2.203-1.83zm.156 6.406a.82.82 0 01.812.813c0 .442-.37.781-.812.781a.768.768 0 01-.781-.781c0-.442.339-.813.78-.813zM2 1C.892 1 0 1.892 0 3v.568A3.918 3.918 0 012 3h9c1.376 0 2.55.763 3.268 1.848L16 3h-3c0-1.108-.892-2-2-2z\" fill=\"#ccd8e0\"><\/path><\/g><\/svg><\/span><span class=\"gb-headline-text\">\u00bfQu\u00e9 es?<\/span><\/h2>\n\n\n\n<p class=\"gb-headline gb-headline-531f69fa gb-headline-text\">La Ley Org\u00e1nica 1\/2025, de 2 de enero, de medidas en materia de eficiencia del Servicio P\u00fablico de Justicia, reforma en profundidad el sistema judicial espa\u00f1ol para descongestionar los tribunales mediante el uso de los MASC (Medios Adecuados de Soluci\u00f3n de Controversias).<\/p>\n\n<\/div><\/div><\/div>\n\n<div class=\"gb-grid-column gb-grid-column-5f0730c1\"><div class=\"gb-container gb-container-5f0730c1\"><div class=\"gb-inside-container\">\n\n<h2 class=\"gb-headline gb-headline-eb73c35b\"><span class=\"gb-icon\"><svg viewBox=\"0 0 16 16\" xmlns=\"http:\/\/www.w3.org\/2000\/svg\" fill=\"#000000\"><g id=\"SVGRepo_bgCarrier\" stroke-width=\"0\"><\/g><g id=\"SVGRepo_tracerCarrier\" stroke-linecap=\"round\" stroke-linejoin=\"round\"><\/g><g id=\"SVGRepo_iconCarrier\"><path d=\"M2 5C.892 5 0 5.892 0 7v7c0 1.108.892 2 2 2h9c1.108 0 2-.892 2-2v-3.8L16 7h-3c0-1.108-.892-2-2-2zm4.438 2C7.75 6.926 8.926 7.936 9 9.25c0 1.121-.308 1.544-1.281 2.281a1.68 1.68 0 00-.281.25c-.04.05-.032.033-.032.031.006.423-.39.782-.812.782a.79.79 0 01-.781-.782c0-.401.179-.754.375-1a3.14 3.14 0 01.562-.562 3.85 3.85 0 00.563-.531c.074-.09.097-.24.093-.344v-.031a.785.785 0 00-.843-.75c-.451.025-.813.362-.851.758a.697.697 0 01-.718.648.816.816 0 01-.781-.594 1.725 1.725 0 01.01-.533c.005-.014.006-.03.012-.043.202-1.024 1.09-1.768 2.203-1.83zm.156 6.406a.82.82 0 01.812.813c0 .442-.37.781-.812.781a.768.768 0 01-.781-.781c0-.442.339-.813.78-.813zM2 1C.892 1 0 1.892 0 3v.568A3.918 3.918 0 012 3h9c1.376 0 2.55.763 3.268 1.848L16 3h-3c0-1.108-.892-2-2-2z\" fill=\"#ccd8e0\"><\/path><\/g><\/svg><\/span><span class=\"gb-headline-text\">\u00bfA qui\u00e9n afecta?<\/span><\/h2>\n\n\n\n<p class=\"gb-headline gb-headline-f4c3b8be gb-headline-text\">A cualquier ciudadano\/a o empresa que quiera presentar una demanda en materia civil o mercantil. Antes de acudir al juzgado, deber\u00e1n intentar resolver el conflicto mediante mediaci\u00f3n u otro MASC. No aplica en lo penal, laboral ni concursal.<\/p>\n\n<\/div><\/div><\/div>\n<\/div>\n<\/div><\/div>\n<\/div>\n<\/div>\n\n<div class=\"gb-container gb-container-d864c054\" id=\"Valor\">\n<div class=\"gb-container gb-container-904128b0\">\n<div class=\"gb-grid-wrapper gb-grid-wrapper-92fbe0fd\">\n<div class=\"gb-grid-column gb-grid-column-c7d29d7f\"><div class=\"gb-container gb-container-c7d29d7f\">\n\n<h2 class=\"gb-headline gb-headline-95f2559c gb-headline-text\">\u00bfQu\u00e9 cambia en el Registro del Ministerio de Justicia?<\/h2>\n\n\n\n<p>Con la obligatoriedad de la mediaci\u00f3n previa, estar inscrito\/a en el Registro de Mediadores e Instituciones de Mediaci\u00f3n del Ministerio de Justicia pasa de ser un m\u00e9rito a ser pr\u00e1cticamente imprescindible para ejercer en procesos derivados judicialmente.<\/p>\n\n\n<div class=\"gb-container gb-container-d04eabd2\">\n\n<ul style=\"font-size:15px\" class=\"wp-block-list\">\n<li>Las personas mediadoras deben estar acreditadas y correctamente inscritos\/as para actuar en derivaciones judiciales.<\/li>\n\n\n\n<li>Los registros auton\u00f3micos tambi\u00e9n adquieren mayor relevancia al ampliar el volumen de casos.<\/li>\n\n\n\n<li>El Registro de Mediadores Interculturales cobra especial importancia en el nuevo contexto legislativo de extranjer\u00eda.<\/li>\n\n\n\n<li>La formaci\u00f3n acreditada por EIM habilita para inscribirse en el Registro Estatal y los registros auton\u00f3micos.<\/li>\n<\/ul>\n\n<\/div>\n<\/div><\/div>\n\n<div class=\"gb-grid-column gb-grid-column-7947557e\"><div class=\"gb-container gb-container-7947557e\">\n\n<h2 class=\"gb-headline gb-headline-8904cc49\"><span class=\"gb-icon\"><svg stroke=\"#ffffff\" xml:space=\"preserve\" viewBox=\"0 0 297 297\" xmlns:xlink=\"http:\/\/www.w3.org\/1999\/xlink\" xmlns=\"http:\/\/www.w3.org\/2000\/svg\" id=\"Capa_1\" version=\"1.1\" width=\"200px\" height=\"200px\" fill=\"#ffffff\"><g stroke-width=\"0\" id=\"SVGRepo_bgCarrier\"><\/g><g stroke-linejoin=\"round\" stroke-linecap=\"round\" id=\"SVGRepo_tracerCarrier\"><\/g><g id=\"SVGRepo_iconCarrier\"> <g> <path d=\"M259.352,219.903h-17.779v-55.712c0-51.336-41.753-93.102-93.073-93.102s-93.073,41.766-93.073,93.102v55.712H37.647 c-5.485,0-9.933,4.447-9.933,9.933v41.586c0,5.486,4.447,9.934,9.933,9.934h221.705c5.485,0,9.933-4.447,9.933-9.934v-41.586 C269.285,224.351,264.838,219.903,259.352,219.903z M75.293,164.191c0-40.383,32.84-73.235,73.207-73.235 s73.207,32.853,73.207,73.235v55.712H75.293V164.191z M249.419,261.489H47.581v-21.72h201.838V261.489z\"><\/path> <path d=\"M47.58,164.191c0-5.485-4.447-9.934-9.934-9.934H9.934c-5.486,0-9.934,4.448-9.934,9.934c0,5.485,4.447,9.933,9.934,9.933 h27.713C43.133,174.124,47.58,169.677,47.58,164.191z\"><\/path> <path d=\"M58.335,88.046c1.938,1.94,4.481,2.91,7.023,2.91s5.084-0.97,7.023-2.909c3.88-3.878,3.88-10.168,0.001-14.047 L58.525,60.141c-3.876-3.879-10.166-3.879-14.047-0.001c-3.88,3.879-3.88,10.168-0.001,14.047L58.335,88.046z\"><\/path> <path d=\"M231.641,90.956c2.542,0,5.085-0.97,7.023-2.91l13.857-13.859c3.879-3.879,3.879-10.168-0.001-14.047 c-3.879-3.88-10.169-3.879-14.047,0.001L224.616,74c-3.879,3.879-3.879,10.169,0.001,14.047 C226.557,89.986,229.098,90.956,231.641,90.956z\"><\/path> <path d=\"M287.066,154.258h-27.714c-5.486,0-9.934,4.448-9.934,9.934c0,5.485,4.447,9.933,9.934,9.933h27.714 c5.486,0,9.934-4.447,9.934-9.933C297,158.706,292.553,154.258,287.066,154.258z\"><\/path> <path d=\"M148.499,63.234c5.485,0,9.934-4.447,9.934-9.934V25.578c0-5.486-4.448-9.934-9.934-9.934 c-5.485,0-9.933,4.447-9.933,9.934v27.723C138.566,58.787,143.014,63.234,148.499,63.234z\"><\/path> <\/g> <\/g><\/svg><\/span><span class=\"gb-headline-text\"><strong><em><em><em>La justicia del siglo XXI es, ante todo, una justicia de acuerdos<\/em><\/em><\/em><\/strong><\/span><\/h2>\n\n<\/div><\/div>\n<\/div>\n<\/div>\n<\/div>\n\n<div class=\"gb-container gb-container-959f2dbc alignfull\" id=\"Curso\">\n<div class=\"gb-container gb-container-25ff83af\">\n<div class=\"gb-container gb-container-38e10ac4\"><div class=\"gb-inside-container\">\n\n<h2 class=\"gb-headline gb-headline-fd2847c7 gb-headline-text\">Qu\u00e9 cambia con la nueva ley<\/h2>\n\n\n<div class=\"gb-grid-wrapper gb-grid-wrapper-b4b05afc\">\n<div class=\"gb-grid-column gb-grid-column-32969165\"><div class=\"gb-container gb-container-32969165\"><div class=\"gb-inside-container\">\n\n<h2 class=\"gb-headline gb-headline-375b72ba\"><span class=\"gb-icon\"><svg viewBox=\"0 0 24 24\" height=\"64\" width=\"64\" xmlns=\"http:\/\/www.w3.org\/2000\/svg\"><path d=\"M14.82 4c-.41-1.16-1.51-2-2.82-2s-2.4.84-2.82 2H2v2h2.56l-2.49 6.65c-.04.11-.06.23-.06.35c0 2.21 1.79 4 4 4s4-1.79 4-4c0-.12-.02-.24-.06-.35L7.46 6H9.2c.3.85.97 1.51 1.82 1.82V20H2v2h20v-2h-9V7.82c.85-.3 1.51-.97 1.82-1.82h1.74l-2.49 6.65c-.04.11-.06.23-.06.35c0 2.21 1.79 4 4 4s4-1.79 4-4c0-.12-.02-.24-.06-.35L19.46 6h2.56V4h-7.18ZM4.07 13L6 7.85L7.93 13zm12 0L18 7.85L19.93 13zM12 6c-.55 0-1-.45-1-1s.45-1 1-1s1 .45 1 1s-.45 1-1 1\" fill=\"#000\"><\/path><\/svg><\/span><span class=\"gb-headline-text\">Del proceso judicial al di\u00e1logo<\/span><\/h2>\n\n\n\n<p class=\"gb-headline gb-headline-5ba92542 gb-headline-text\">Antes, cualquier parte pod\u00eda ir directamente al juzgado. Ahora debe demostrar que ha intentado una soluci\u00f3n extrajudicial. La litigiosidad directa queda reservada para el fracaso del di\u00e1logo.<\/p>\n\n<\/div><\/div><\/div>\n\n<div class=\"gb-grid-column gb-grid-column-30822dc0\"><div class=\"gb-container gb-container-30822dc0\"><div class=\"gb-inside-container\">\n\n<h2 class=\"gb-headline gb-headline-b1d51176\"><span class=\"gb-icon\"><svg viewBox=\"0 0 56 56\" height=\"64\" width=\"64\" xmlns=\"http:\/\/www.w3.org\/2000\/svg\"><path d=\"M28 51.906c13.055 0 23.906-10.828 23.906-23.906c0-13.055-10.875-23.906-23.93-23.906C14.899 4.094 4.095 14.945 4.095 28c0 13.078 10.828 23.906 23.906 23.906m0-3.984C16.937 47.922 8.1 39.062 8.1 28c0-11.04 8.813-19.922 19.876-19.922c11.039 0 19.921 8.883 19.945 19.922c.023 11.063-8.883 19.922-19.922 19.922m-6.75-6.844h13.43c2.601 0 3.89-1.336 3.89-3.96V25.843H29.29c-1.617 0-2.39-.75-2.39-2.367V14.03h-5.65c-2.577 0-3.89 1.336-3.89 3.961v19.125c0 2.649 1.313 3.961 3.89 3.961m8.227-17.133h8.953c-.07-.515-.446-1.03-1.055-1.64l-6.938-7.078c-.586-.61-1.125-.985-1.64-1.055v9.094c0 .445.234.68.68.68\" fill=\"#000\"><\/path><\/svg><\/span><span class=\"gb-headline-text\">Acreditaci\u00f3n documental obligatoria<\/span><\/h2>\n\n\n\n<p class=\"gb-headline gb-headline-3a5f30e8 gb-headline-text\">La demanda debe ir acompa\u00f1ada de documento acreditativo que pruebe el intento de mediaci\u00f3n o la causa de su inaplicabilidad. Sin este documento, el juez\/a inadmitir\u00e1 la demanda a tr\u00e1mite.<\/p>\n\n<\/div><\/div><\/div>\n\n<div class=\"gb-grid-column gb-grid-column-23d1ea1c\"><div class=\"gb-container gb-container-23d1ea1c\"><div class=\"gb-inside-container\">\n\n<h2 class=\"gb-headline gb-headline-999d8be8\"><span class=\"gb-icon\"><svg viewBox=\"0 0 24 24\" height=\"64\" width=\"64\" xmlns=\"http:\/\/www.w3.org\/2000\/svg\"><g stroke-width=\"2\" stroke-linejoin=\"round\" stroke-linecap=\"round\" stroke=\"#000\" fill=\"none\"><path d=\"M20 13V8h-5\"><\/path><path d=\"m20 8l-5 5c-.883.883-1.324 1.324-1.865 1.373q-.135.012-.27 0c-.541-.05-.982-.49-1.865-1.373s-1.324-1.324-1.865-1.373a1.5 1.5 0 0 0-.27 0c-.541.05-.982.49-1.865 1.373l-3 3\"><\/path><\/g><\/svg><\/span><span class=\"gb-headline-text\">\u00c1mbito: civil y mercantil<\/span><\/h2>\n\n\n\n<p class=\"gb-headline gb-headline-62030ed0 gb-headline-text\">Contratos, arrendamientos, herencias, reclamaciones de cantidad, disputas societarias, concursos\u2026 La pr\u00e1ctica totalidad del tr\u00e1fico jur\u00eddico privado queda afectada por la nueva obligatoriedad.<\/p>\n\n<\/div><\/div><\/div>\n\n<div class=\"gb-grid-column gb-grid-column-3f339d08\"><div class=\"gb-container gb-container-3f339d08\"><div class=\"gb-inside-container\">\n\n<h2 class=\"gb-headline gb-headline-3b80547f\"><span class=\"gb-icon\"><svg viewBox=\"0 0 16 16\" height=\"64\" width=\"64\" xmlns=\"http:\/\/www.w3.org\/2000\/svg\"><path d=\"M8 4H7v5h4V8H8z\" fill=\"#000\"><\/path><path d=\"M16 7V3l-1.1 1.1C13.6 1.6 11 0 8 0C3.6 0 0 3.6 0 8s3.6 8 8 8c2.4 0 4.6-1.1 6-2.8l-1.5-1.3C11.4 13.2 9.8 14 8 14c-3.3 0-6-2.7-6-6s2.7-6 6-6c2.4 0 4.5 1.5 5.5 3.5L12 7z\" fill=\"#000\"><\/path><\/svg><\/span><span class=\"gb-headline-text\">Suspensi\u00f3n de plazos de prescripci\u00f3n<\/span><\/h2>\n\n\n\n<p class=\"gb-headline gb-headline-667f300f gb-headline-text\">El inicio del procedimiento MASC suspende los plazos de prescripci\u00f3n y caducidad, protegiendo los derechos de las partes mientras se intenta la v\u00eda extrajudicial.<\/p>\n\n<\/div><\/div><\/div>\n\n<div class=\"gb-grid-column gb-grid-column-8b6ee0d0\"><div class=\"gb-container gb-container-8b6ee0d0\"><div class=\"gb-inside-container\">\n\n<h2 class=\"gb-headline gb-headline-cf98e4aa\"><span class=\"gb-icon\"><svg xmlns=\"http:\/\/www.w3.org\/2000\/svg\" width=\"64\" height=\"64\" viewBox=\"0 0 24 24\"><g fill=\"none\" stroke=\"#000\" stroke-linejoin=\"round\" stroke-width=\"2\"><path d=\"M2.351 13.214c-.353-2.298-.53-3.446-.095-4.465c.434-1.018 1.398-1.715 3.325-3.108L7.021 4.6C9.418 2.867 10.617 2 12 2s2.582.867 4.979 2.6l1.44 1.041c1.927 1.393 2.89 2.09 3.325 3.108c.434 1.019.258 2.167-.095 4.464l-.301 1.96c-.5 3.256-.751 4.884-1.919 5.856s-2.875.971-6.29.971H10.86c-3.415 0-5.122 0-6.29-.971c-1.168-.972-1.418-2.6-1.919-5.857z\"><\/path><path stroke-linecap=\"round\" d=\"M11.25 13.25c1.187 1.187 2.75 2.393 2.75 2.393l2.143-2.143s-1.206-1.563-2.393-2.75S11 8.357 11 8.357L8.857 10.5s1.206 1.563 2.393 2.75m0 0L7.5 17m9-3.857L13.643 16m-2.286-8L8.5 10.857\"><\/path><\/g><\/svg><\/span><span class=\"gb-headline-text\">R\u00e9gimen de costas reformado<\/span><\/h2>\n\n\n\n<p class=\"gb-headline gb-headline-8eefe75b gb-headline-text\">Si una parte rechaza injustificadamente la mediaci\u00f3n y pierde en juicio, el juez\/a puede imponer las costas \u00edntegras. Un poderoso desincentivo para rechazar el di\u00e1logo previo.<\/p>\n\n<\/div><\/div><\/div>\n\n<div class=\"gb-grid-column gb-grid-column-5274169b\"><div class=\"gb-container gb-container-5274169b\"><div class=\"gb-inside-container\">\n\n<h2 class=\"gb-headline gb-headline-702f82de\"><span class=\"gb-icon\"><svg viewBox=\"0 0 24 24\" height=\"64\" width=\"64\" xmlns=\"http:\/\/www.w3.org\/2000\/svg\"><path d=\"M20.8 17v-1.5c0-1.4-1.4-2.5-2.8-2.5s-2.8 1.1-2.8 2.5V17c-.6 0-1.2.6-1.2 1.2v3.5c0 .7.6 1.3 1.2 1.3h5.5c.7 0 1.3-.6 1.3-1.2v-3.5c0-.7-.6-1.3-1.2-1.3m-1.3 0h-3v-1.5c0-.8.7-1.3 1.5-1.3s1.5.5 1.5 1.3zM15 12c-.9.7-1.5 1.6-1.7 2.7c-.4.2-.8.3-1.3.3c-1.7 0-3-1.3-3-3s1.3-3 3-3s3 1.3 3 3m-3 7.5c-5 0-9.3-3.1-11-7.5c1.7-4.4 6-7.5 11-7.5s9.3 3.1 11 7.5c-.2.5-.5 1-.7 1.5C21.5 12 19.8 11 18 11c-.4 0-.7.1-1.1.1C16.5 8.8 14.5 7 12 7c-2.8 0-5 2.2-5 5s2.2 5 5 5h.3q-.3.6-.3 1.2z\" fill=\"#000\"><\/path><\/svg><\/span><span class=\"gb-headline-text\">Confidencialidad reforzada<\/span><\/h2>\n\n\n\n<p class=\"gb-headline gb-headline-6837e00b gb-headline-text\">Lo hablado en mediaci\u00f3n no puede usarse en el proceso judicial posterior. Las personas mediadoras no puede ser llamadas como testigo sobre el contenido de las sesiones, garantizando un espacio seguro de negociaci\u00f3n.<\/p>\n\n<\/div><\/div><\/div>\n\n<div data-aos=\"fade-right\" class=\"gb-grid-column gb-grid-column-4f5447d2\"><div class=\"gb-container gb-container-4f5447d2\"><div class=\"gb-inside-container\">\n<div class=\"gb-grid-wrapper gb-grid-wrapper-faf45e22\">\n<div class=\"gb-grid-column gb-grid-column-32e08414\"><div class=\"gb-container gb-container-32e08414\">\n\n<p class=\"gb-headline gb-headline-ea806a7e gb-headline-text\"><mark style=\"background-color:rgba(0, 0, 0, 0)\" class=\"has-inline-color has-base-3-color\">Empieza a ejercer con la nueva ley<\/mark><\/p>\n\n\n\n<p class=\"gb-headline gb-headline-71ab7529 gb-headline-text\">Acreditaci\u00f3n, inscripci\u00f3n registral y pr\u00e1ctica real. Todo en un programa <\/p>\n\n<\/div><\/div>\n\n<div class=\"gb-grid-column gb-grid-column-4666aeef\"><div class=\"gb-container gb-container-4666aeef\">\n\n<a class=\"gb-button gb-button-a3c1db20 gb-button-text\" href=\"https:\/\/eimediacion.edu.es\/solicitud-admision\/#formulario\">Solicita m\u00e1s informaci\u00f3n<\/a>\n\n<\/div><\/div>\n<\/div>\n<\/div><\/div><\/div>\n<\/div>\n<\/div><\/div>\n<\/div>\n<\/div>\n\n\n\n\n<style>\r\n#lbContact{\r\ndisplay:none!important;\r\n}\r\n\r\n:root .has-contrast-color {\r\n    color: #0d3f6c;\r\n}\r\n\r\ndiv.wpforms-container-full .wpforms-form input[type=date], div.wpforms-container-full .wpforms-form input[type=datetime], div.wpforms-container-full .wpforms-form input[type=datetime-local], div.wpforms-container-full .wpforms-form input[type=email], div.wpforms-container-full .wpforms-form input[type=month], div.wpforms-container-full .wpforms-form input[type=number], div.wpforms-container-full .wpforms-form input[type=password], div.wpforms-container-full .wpforms-form input[type=range], div.wpforms-container-full .wpforms-form input[type=search], div.wpforms-container-full .wpforms-form input[type=tel], div.wpforms-container-full .wpforms-form input[type=text], div.wpforms-container-full .wpforms-form input[type=time], div.wpforms-container-full .wpforms-form input[type=url], div.wpforms-container-full .wpforms-form input[type=week], div.wpforms-container-full .wpforms-form select, div.wpforms-container-full .wpforms-form textarea {\r\n    font-size: 14px;  \r\n}\r\n\r\ndiv.wpforms-container-full .wpforms-form .wpforms-field-label-inline {\r\n    font-size: 14px;\r\n}\r\n<\/style>\n\n\n\n<p><\/p>\n\n\n\n<script>\njQuery(document).ready(function() {\n    setTimeout(function() {\n      jQuery('.ti-reviews-container-wrapper').children().eq(3).remove();\n    }, 3000);\nconsole.log(\"Ejecutado\");\n  });\n<\/script>\n","protected":false},"excerpt":{"rendered":"<p>Qu\u00e9 cambia con la nueva ley<\/p>","protected":false},"author":54,"featured_media":0,"parent":0,"menu_order":0,"comment_status":"closed","ping_status":"closed","template":"","meta":{"inline_featured_image":false,"footnotes":""},"class_list":["post-46504","page","type-page","status-publish"],"_links":{"self":[{"href":"https:\/\/eimediacion.edu.es\/cat\/wp-json\/wp\/v2\/pages\/46504","targetHints":{"allow":["GET"]}}],"collection":[{"href":"https:\/\/eimediacion.edu.es\/cat\/wp-json\/wp\/v2\/pages"}],"about":[{"href":"https:\/\/eimediacion.edu.es\/cat\/wp-json\/wp\/v2\/types\/page"}],"author":[{"embeddable":true,"href":"https:\/\/eimediacion.edu.es\/cat\/wp-json\/wp\/v2\/users\/54"}],"replies":[{"embeddable":true,"href":"https:\/\/eimediacion.edu.es\/cat\/wp-json\/wp\/v2\/comments?post=46504"}],"version-history":[{"count":9,"href":"https:\/\/eimediacion.edu.es\/cat\/wp-json\/wp\/v2\/pages\/46504\/revisions"}],"predecessor-version":[{"id":46648,"href":"https:\/\/eimediacion.edu.es\/cat\/wp-json\/wp\/v2\/pages\/46504\/revisions\/46648"}],"wp:attachment":[{"href":"https:\/\/eimediacion.edu.es\/cat\/wp-json\/wp\/v2\/media?parent=46504"}],"curies":[{"name":"wp","href":"https:\/\/api.w.org\/{rel}","templated":true}]}}