{"id":43159,"date":"2025-05-06T13:40:28","date_gmt":"2025-05-06T11:40:28","guid":{"rendered":"https:\/\/eimediacion.edu.es\/?page_id=43159"},"modified":"2025-08-21T13:29:35","modified_gmt":"2025-08-21T11:29:35","slug":"harvard-certification","status":"publish","type":"page","link":"https:\/\/eimediacion.edu.es\/cat\/harvard-certification\/","title":{"rendered":"Harvard ManageMentor"},"content":{"rendered":"\n<script type=\"text\/javascript\" src=\"https:\/\/api.clientify.net\/web-marketing\/superforms\/script\/254033.js\"> <\/script>\n\n\n\n\n<div class=\"gb-container gb-container-1a4e4cfd alignfull\" id=\"cabecera\">\n<div class=\"gb-container gb-container-23bd2889\">\n\n<h1 class=\"gb-headline gb-headline-2d6f9683 gb-headline-text\"><strong><strong>Harvard ManageMentor Leadership<\/strong>\u200b<\/strong><\/h1>\n\n\n\n<p class=\"has-text-align-center has-base-3-color has-text-color has-link-color wp-elements-c846ba15502707d269a0ff7326fd7955\" style=\"font-size:20px\"><strong>Desarrolla competencias claves como liderazgo, negociaci\u00f3n, trabajo en equipo y gesti\u00f3n de conflictos, con una visi\u00f3n global y orientada a la excelencia profesional.<\/strong><\/p>\n\n\n\n<p class=\"has-text-align-center has-base-3-color has-text-color has-link-color wp-elements-fcb7418ee6289fc0d7d0869371653c0b\" style=\"font-size:20px\"><strong>Una oportunidad \u00fanica para formarte como un\/a profesional 360\u00ba, preparado\/a para cualquier \u00e1mbito.&nbsp;<\/strong><\/p>\n\n\n\n<p class=\"gb-headline gb-headline-1ea2748a gb-headline-text\"><strong>Potenciamos tu empleabilidad.<\/strong><\/p>\n\n\n<div class=\"gb-grid-wrapper gb-grid-wrapper-4fb54cd6\">\n<div class=\"gb-grid-column gb-grid-column-ea3b442d\"><div class=\"gb-container gb-container-ea3b442d\"><div class=\"gb-inside-container\">\n<div class=\"gb-button-wrapper gb-button-wrapper-566b4750\">\n\n<a class=\"gb-button gb-button-aaed359d gb-button-text\" href=\"#form\"><strong>QUIERO SABER M\u00c1S<\/strong><\/a>\n\n<\/div>\n\n\n\n\n\n\n\n\n<\/div><\/div><\/div>\n<\/div>\n<\/div>\n<\/div>\n\n<div class=\"gb-container gb-container-9bdeff9e alignfull\" id=\"salidas-profesionales\"><div class=\"gb-inside-container\">\n<div class=\"gb-grid-wrapper gb-grid-wrapper-935beb65\">\n<div class=\"gb-grid-column gb-grid-column-0fcd1ec8\"><div class=\"gb-container gb-container-0fcd1ec8\"><div class=\"gb-inside-container\">\n\n<figure class=\"gb-block-image gb-block-image-ddc9b58f\"><img loading=\"lazy\" decoding=\"async\" width=\"1000\" height=\"667\" class=\"gb-image gb-image-ddc9b58f fancy\" src=\"https:\/\/eimediacion.edu.es\/wp-content\/uploads\/2025\/05\/14362.jpg\" alt=\"Harvard\" title=\"14362\" srcset=\"https:\/\/eimediacion.edu.es\/wp-content\/uploads\/2025\/05\/14362.jpg 1000w, https:\/\/eimediacion.edu.es\/wp-content\/uploads\/2025\/05\/14362-261x174.jpg 261w, https:\/\/eimediacion.edu.es\/wp-content\/uploads\/2025\/05\/14362-768x512.jpg 768w, https:\/\/eimediacion.edu.es\/wp-content\/uploads\/2025\/05\/14362-18x12.jpg 18w\" sizes=\"auto, (max-width: 1000px) 100vw, 1000px\" \/><\/figure>\n\n<\/div><\/div><\/div>\n\n<div class=\"gb-grid-column gb-grid-column-9d39f10d\"><div class=\"gb-container gb-container-9d39f10d\"><div class=\"gb-inside-container\">\n\n<h2 class=\"gb-headline gb-headline-0f075eab gb-headline-text\"><strong>Harvard <span style=\"background-image: linear-gradient(61deg,#ffffff,#a92a3d);background-repeat: no-repeat;background-position: 0px bottom;background-size: 100% 7px;border-radius: 17px;\">ManageMentor \u00ae<\/span><\/strong><\/h2>\n\n\n\n<p class=\"gb-headline gb-headline-c39e912b\"><span class=\"gb-icon\"><svg aria-hidden=\"true\" role=\"img\" height=\"1em\" width=\"1em\" viewBox=\"0 0 512 512\" xmlns=\"http:\/\/www.w3.org\/2000\/svg\"><path fill=\"currentColor\" d=\"M173.898 439.404l-166.4-166.4c-9.997-9.997-9.997-26.206 0-36.204l36.203-36.204c9.997-9.998 26.207-9.998 36.204 0L192 312.69 432.095 72.596c9.997-9.997 26.207-9.997 36.204 0l36.203 36.204c9.997 9.997 9.997 26.206 0 36.204l-294.4 294.401c-9.998 9.997-26.207 9.997-36.204-.001z\"><\/path><\/svg><\/span><span class=\"gb-headline-text\">Disponible en Espa\u00f1ol o Ingl\u00e9s<\/span><\/p>\n\n\n\n<p class=\"gb-headline gb-headline-a7a2f90b\"><span class=\"gb-icon\"><svg aria-hidden=\"true\" role=\"img\" height=\"1em\" width=\"1em\" viewBox=\"0 0 512 512\" xmlns=\"http:\/\/www.w3.org\/2000\/svg\"><path fill=\"currentColor\" d=\"M173.898 439.404l-166.4-166.4c-9.997-9.997-9.997-26.206 0-36.204l36.203-36.204c9.997-9.998 26.207-9.998 36.204 0L192 312.69 432.095 72.596c9.997-9.997 26.207-9.997 36.204 0l36.203 36.204c9.997 9.997 9.997 26.206 0 36.204l-294.4 294.401c-9.998 9.997-26.207 9.997-36.204-.001z\"><\/path><\/svg><\/span><span class=\"gb-headline-text\">Diferentes fechas<\/span><\/p>\n\n\n\n<p class=\"gb-headline gb-headline-b8532a22\"><span class=\"gb-icon\"><svg aria-hidden=\"true\" role=\"img\" height=\"1em\" width=\"1em\" viewBox=\"0 0 512 512\" xmlns=\"http:\/\/www.w3.org\/2000\/svg\"><path fill=\"currentColor\" d=\"M173.898 439.404l-166.4-166.4c-9.997-9.997-9.997-26.206 0-36.204l36.203-36.204c9.997-9.998 26.207-9.998 36.204 0L192 312.69 432.095 72.596c9.997-9.997 26.207-9.997 36.204 0l36.203 36.204c9.997 9.997 9.997 26.206 0 36.204l-294.4 294.401c-9.998 9.997-26.207 9.997-36.204-.001z\"><\/path><\/svg><\/span><span class=\"gb-headline-text\">Convocatoria abierta<\/span><\/p>\n\n\n\n<p class=\"gb-headline gb-headline-ffdf66f5\"><span class=\"gb-icon\"><svg aria-hidden=\"true\" role=\"img\" height=\"1em\" width=\"1em\" viewBox=\"0 0 512 512\" xmlns=\"http:\/\/www.w3.org\/2000\/svg\"><path fill=\"currentColor\" d=\"M173.898 439.404l-166.4-166.4c-9.997-9.997-9.997-26.206 0-36.204l36.203-36.204c9.997-9.998 26.207-9.998 36.204 0L192 312.69 432.095 72.596c9.997-9.997 26.207-9.997 36.204 0l36.203 36.204c9.997 9.997 9.997 26.206 0 36.204l-294.4 294.401c-9.998 9.997-26.207 9.997-36.204-.001z\"><\/path><\/svg><\/span><span class=\"gb-headline-text\">14h online<\/span><\/p>\n\n<\/div><\/div><\/div>\n\n<div class=\"gb-grid-column gb-grid-column-8ef64494\"><div class=\"gb-container gb-container-8ef64494\"><div class=\"gb-inside-container\">\n\n<p class=\"has-text-align-left\">Complementa tu formaci\u00f3n en la Escuela Internacional de Mediaci\u00f3n con un <strong>Programa en Liderazgo certificado por Harvard Business Impact<\/strong>, que podr\u00e1s realizar de forma paralela a tus estudios.<\/p>\n\n\n\n<p class=\"has-text-align-left\">Desarrollar\u00e1s competencias clave como <strong>liderazgo, negociaci\u00f3n, trabajo en equipo y gesti\u00f3n de conflictos<\/strong>, con una visi\u00f3n global y orientada a la excelencia profesional. Una oportunidad \u00fanica para formarte como un\/a <strong>profesional 360\u00ba<\/strong>, preparado\/a para liderar desde cualquier \u00e1mbito.<\/p>\n\n<\/div><\/div><\/div>\n\n<div class=\"gb-grid-column gb-grid-column-c8a5e43b\"><div class=\"gb-container gb-container-c8a5e43b\"><div class=\"gb-inside-container\">\n\n<h2 class=\"gb-headline gb-headline-03ceb9c6 gb-headline-text\"><strong>Un perfil que marca la diferencia. Un futuro con m\u00e1s oportunidades.<\/strong><\/h2>\n\n<\/div><\/div><\/div>\n<\/div>\n<\/div><\/div>\n\n<div class=\"gb-container gb-container-1728b65a alignfull\" id=\"salidas-profesionales\"><div class=\"gb-inside-container\">\n\n<div class=\"wp-block-group alignfull is-content-justification-center is-nowrap is-layout-flex wp-container-core-group-is-layout-94bc23d7 wp-block-group-is-layout-flex\">\n<div class=\"wp-block-pb-accordion-item c-accordion__item js-accordion-item no-js is-open\" data-initially-open=\"true\" data-click-to-close=\"false\" data-auto-close=\"false\" data-scroll=\"false\" data-scroll-offset=\"0\"><h5 id=\"at-431591\" class=\"c-accordion__title js-accordion-controller\" role=\"button\">Plan de estudios<\/h5><div id=\"ac-431591\" class=\"c-accordion__content\">\n<figure class=\"wp-block-table is-style-stripes\"><table><thead><tr><th>M\u00d3DULOS<\/th><\/tr><\/thead><tbody><tr><td><strong>Harvard ManageMentor: Leading People <\/strong>\u200b<\/td><\/tr><tr><td><strong>Harvard ManageMentor: Delegating <\/strong>\u200b<\/td><\/tr><tr><td><strong>Harvard ManageMentor: Change Management<\/strong>\u200b<\/td><\/tr><tr><td><strong>Harvard ManageMentor: Coaching <\/strong>\u200b<\/td><\/tr><tr><td><strong>Harvard ManageMentor: Team Management<\/strong>\u200b<\/td><\/tr><tr><td><strong>Harvard ManageMentor: Strategic Thinking <\/strong>\u200b<\/td><\/tr><\/tbody><\/table><\/figure>\n<\/div><\/div>\n<\/div>\n\n\n<div class=\"gb-container gb-container-5251099d\">\n\n<div class=\"wp-block-columns are-vertically-aligned-center is-layout-flex wp-container-core-columns-is-layout-9d6595d7 wp-block-columns-is-layout-flex\">\n<div class=\"wp-block-column is-vertically-aligned-center is-layout-flow wp-block-column-is-layout-flow\">\n<h2 class=\"gb-headline gb-headline-39dfc351\"><span class=\"gb-icon\"><svg aria-hidden=\"true\" role=\"img\" height=\"1em\" width=\"1em\" viewBox=\"0 0 384 512\" xmlns=\"http:\/\/www.w3.org\/2000\/svg\"><path fill=\"currentColor\" d=\"M97.12 362.63c-8.69-8.69-4.16-6.24-25.12-11.85-9.51-2.55-17.87-7.45-25.43-13.32L1.2 448.7c-4.39 10.77 3.81 22.47 15.43 22.03l52.69-2.01L105.56 507c8 8.44 22.04 5.81 26.43-4.96l52.05-127.62c-10.84 6.04-22.87 9.58-35.31 9.58-19.5 0-37.82-7.59-51.61-21.37zM382.8 448.7l-45.37-111.24c-7.56 5.88-15.92 10.77-25.43 13.32-21.07 5.64-16.45 3.18-25.12 11.85-13.79 13.78-32.12 21.37-51.62 21.37-12.44 0-24.47-3.55-35.31-9.58L252 502.04c4.39 10.77 18.44 13.4 26.43 4.96l36.25-38.28 52.69 2.01c11.62.44 19.82-11.27 15.43-22.03zM263 340c15.28-15.55 17.03-14.21 38.79-20.14 13.89-3.79 24.75-14.84 28.47-28.98 7.48-28.4 5.54-24.97 25.95-45.75 10.17-10.35 14.14-25.44 10.42-39.58-7.47-28.38-7.48-24.42 0-52.83 3.72-14.14-.25-29.23-10.42-39.58-20.41-20.78-18.47-17.36-25.95-45.75-3.72-14.14-14.58-25.19-28.47-28.98-27.88-7.61-24.52-5.62-44.95-26.41-10.17-10.35-25-14.4-38.89-10.61-27.87 7.6-23.98 7.61-51.9 0-13.89-3.79-28.72.25-38.89 10.61-20.41 20.78-17.05 18.8-44.94 26.41-13.89 3.79-24.75 14.84-28.47 28.98-7.47 28.39-5.54 24.97-25.95 45.75-10.17 10.35-14.15 25.44-10.42 39.58 7.47 28.36 7.48 24.4 0 52.82-3.72 14.14.25 29.23 10.42 39.59 20.41 20.78 18.47 17.35 25.95 45.75 3.72 14.14 14.58 25.19 28.47 28.98C104.6 325.96 106.27 325 121 340c13.23 13.47 33.84 15.88 49.74 5.82a39.676 39.676 0 0 1 42.53 0c15.89 10.06 36.5 7.65 49.73-5.82zM97.66 175.96c0-53.03 42.24-96.02 94.34-96.02s94.34 42.99 94.34 96.02-42.24 96.02-94.34 96.02-94.34-42.99-94.34-96.02z\"><\/path><\/svg><\/span><span class=\"gb-headline-text\"><strong>Titulaci\u00f3n:<br><\/strong>Harvard ManageMentor Leadership.<\/span><\/h2>\n\n\n\n<h2 class=\"gb-headline gb-headline-b632a82a\"><span class=\"gb-icon\"><svg aria-hidden=\"true\" role=\"img\" height=\"1em\" width=\"1em\" viewBox=\"0 0 448 512\" xmlns=\"http:\/\/www.w3.org\/2000\/svg\"><path fill=\"currentColor\" d=\"M148 288h-40c-6.6 0-12-5.4-12-12v-40c0-6.6 5.4-12 12-12h40c6.6 0 12 5.4 12 12v40c0 6.6-5.4 12-12 12zm108-12v-40c0-6.6-5.4-12-12-12h-40c-6.6 0-12 5.4-12 12v40c0 6.6 5.4 12 12 12h40c6.6 0 12-5.4 12-12zm96 0v-40c0-6.6-5.4-12-12-12h-40c-6.6 0-12 5.4-12 12v40c0 6.6 5.4 12 12 12h40c6.6 0 12-5.4 12-12zm-96 96v-40c0-6.6-5.4-12-12-12h-40c-6.6 0-12 5.4-12 12v40c0 6.6 5.4 12 12 12h40c6.6 0 12-5.4 12-12zm-96 0v-40c0-6.6-5.4-12-12-12h-40c-6.6 0-12 5.4-12 12v40c0 6.6 5.4 12 12 12h40c6.6 0 12-5.4 12-12zm192 0v-40c0-6.6-5.4-12-12-12h-40c-6.6 0-12 5.4-12 12v40c0 6.6 5.4 12 12 12h40c6.6 0 12-5.4 12-12zm96-260v352c0 26.5-21.5 48-48 48H48c-26.5 0-48-21.5-48-48V112c0-26.5 21.5-48 48-48h48V12c0-6.6 5.4-12 12-12h40c6.6 0 12 5.4 12 12v52h128V12c0-6.6 5.4-12 12-12h40c6.6 0 12 5.4 12 12v52h48c26.5 0 48 21.5 48 48zm-48 346V160H48v298c0 3.3 2.7 6 6 6h340c3.3 0 6-2.7 6-6z\"><\/path><\/svg><\/span><span class=\"gb-headline-text\"><strong>Inicio:<\/strong><br>Matr\u00edcula abierta<\/span><\/h2>\n<\/div>\n\n\n\n<div class=\"wp-block-column is-vertically-aligned-center is-layout-flow wp-block-column-is-layout-flow\">\n<h2 class=\"gb-headline gb-headline-7d139276\"><span class=\"gb-icon\"><svg aria-hidden=\"true\" role=\"img\" height=\"1em\" width=\"1em\" viewBox=\"0 0 448 512\" xmlns=\"http:\/\/www.w3.org\/2000\/svg\"><path fill=\"currentColor\" d=\"M448 360V24c0-13.3-10.7-24-24-24H96C43 0 0 43 0 96v320c0 53 43 96 96 96h328c13.3 0 24-10.7 24-24v-16c0-7.5-3.5-14.3-8.9-18.7-4.2-15.4-4.2-59.3 0-74.7 5.4-4.3 8.9-11.1 8.9-18.6zM128 134c0-3.3 2.7-6 6-6h212c3.3 0 6 2.7 6 6v20c0 3.3-2.7 6-6 6H134c-3.3 0-6-2.7-6-6v-20zm0 64c0-3.3 2.7-6 6-6h212c3.3 0 6 2.7 6 6v20c0 3.3-2.7 6-6 6H134c-3.3 0-6-2.7-6-6v-20zm253.4 250H96c-17.7 0-32-14.3-32-32 0-17.6 14.4-32 32-32h285.4c-1.9 17.1-1.9 46.9 0 64z\"><\/path><\/svg><\/span><span class=\"gb-headline-text\"><strong>Idioma:<\/strong><br>Espa\u00f1ol \/ Ingl\u00e9s<\/span><\/h2>\n\n\n\n<h2 class=\"gb-headline gb-headline-b2fc5196\"><span class=\"gb-icon\"><svg aria-hidden=\"true\" role=\"img\" height=\"1em\" width=\"1em\" viewBox=\"0 0 512 512\" xmlns=\"http:\/\/www.w3.org\/2000\/svg\"><path fill=\"currentColor\" d=\"M440 6.5L24 246.4c-34.4 19.9-31.1 70.8 5.7 85.9L144 379.6V464c0 46.4 59.2 65.5 86.6 28.6l43.8-59.1 111.9 46.2c5.9 2.4 12.1 3.6 18.3 3.6 8.2 0 16.3-2.1 23.6-6.2 12.8-7.2 21.6-20 23.9-34.5l59.4-387.2c6.1-40.1-36.9-68.8-71.5-48.9zM192 464v-64.6l36.6 15.1L192 464zm212.6-28.7l-153.8-63.5L391 169.5c10.7-15.5-9.5-33.5-23.7-21.2L155.8 332.6 48 288 464 48l-59.4 387.3z\"><\/path><\/svg><\/span><span class=\"gb-headline-text\"><strong>Modalidad:<\/strong><br>Online<\/span><\/h2>\n<\/div>\n<\/div>\n\n\n\n<figure class=\"gb-block-image gb-block-image-050ceb5b\"><img loading=\"lazy\" decoding=\"async\" width=\"1057\" height=\"826\" class=\"gb-image gb-image-050ceb5b\" src=\"https:\/\/eimediacion.edu.es\/wp-content\/uploads\/2025\/07\/certificado-harvard.png\" alt=\"\" title=\"Certificado Harvard\" srcset=\"https:\/\/eimediacion.edu.es\/wp-content\/uploads\/2025\/07\/certificado-harvard.png 1057w, https:\/\/eimediacion.edu.es\/wp-content\/uploads\/2025\/07\/certificado-harvard-223x174.png 223w, https:\/\/eimediacion.edu.es\/wp-content\/uploads\/2025\/07\/certificado-harvard-1024x800.png 1024w, https:\/\/eimediacion.edu.es\/wp-content\/uploads\/2025\/07\/certificado-harvard-768x600.png 768w, https:\/\/eimediacion.edu.es\/wp-content\/uploads\/2025\/07\/certificado-harvard-15x12.png 15w\" sizes=\"auto, (max-width: 1057px) 100vw, 1057px\"><\/figure>\n\n<\/div>\n<\/div><\/div>\n\n\n\n\n\n\n\n\n\n\n\n\n\n<div class=\"gb-container gb-container-9590a89e form-landing alignfull\" id=\"form\"><div class=\"gb-inside-container\">\n\n\n\n<h2 class=\"gb-headline gb-headline-ef59b11e gb-headline-text\"><strong>Solicita Informaci\u00f3n <\/strong><\/h2>\n\n\n<p><iframe loading=\"lazy\" \n  src=\"https:\/\/apps.clientify.net\/forms\/simpleembed\/#\/forms\/embedform\/238585\/9310\" \n  width=\"100%\" \n  height=\"600\" \n  frameborder=\"0\" \n  style=\"border: none;\"><br \/>\n<\/iframe><\/p>\n\n<\/div><\/div>\n\n\n\n\n<style>\r\n\r\n.sinEnlace a{\r\npointer-events: none;\r\n}\r\n\r\n\r\n\r\n.sticky-menu{\r\n    position: sticky;\r\n    top: 0px;\r\n    z-index: 9999;\r\n}\r\n\r\n@media (max-width: 768px) {\r\n.sticky-menu{\r\n    position: relative;\r\n}\r\n}\r\n\r\n\r\n\r\n\r\n\/* Estilo formulario *\/\r\n\r\ndiv.wpforms-container-full .wpforms-form .wpforms-field-label-inline {\r\n    color: white;\r\n}\r\n\r\ndiv.wpforms-container-full .wpforms-form input[type=submit], div.wpforms-container-full .wpforms-form button[type=submit], div.wpforms-container-full .wpforms-form .wpforms-page-button {\r\n    background-color: #282424;\r\n    margin: 0 auto;\r\n    width: 100%;\r\n}\r\n\r\n\/* Men\u00fa m\u00f3vil*\/\r\n\r\n.wp-block-navigation__responsive-container.is-menu-open .wp-block-navigation__responsive-container-content {\r\n    padding-top: calc(7rem + 24px);\r\n}\r\n\r\n.wp-block-navigation__responsive-container-close svg, .wp-block-navigation__responsive-container-open svg {\r\n    width: 36px;\r\n    height: 36px;\r\n}\r\n\r\n.always-shown{\r\n    background-color: #0c1a41!important;\r\n}\r\n\r\n#lbContact{\r\ndisplay:none!important;\r\n}\r\n\r\n.wt-cli-manage-consent-link{\r\ncolor: white!important;\r\n    font-size: 12px!important;\r\n    text-align: center;\r\n    display: block;\r\n    padding-bottom: 15px;\r\n}\r\n\r\n.wt-cli-manage-consent-link:hover{\r\ncolor:#d2d0d0!important;\r\n}\r\n\r\n.fancy{\r\nborder-radius:30% 70% 70% 30% \/ 30% 30% 70% 70%;\r\n\r\n}\r\n<\/style>\n\n\n\n<style>\n\n.home .grid-container {\n    padding-right: 0px;\n    padding-left: 0px;\n}\n\n.blanco {\ncolor:white!important;\n}\n\n\n.eim-programa-descarga-dossier .wpforms-form .wpforms-field-label {\n    color: white;\n}\n\n.eim-programa-descarga-dossier .wpforms-form .wpforms-field-label-inline {\n    color: white;\n}\n\n.btnEsp a:hover{\nbackground-color: #0e1e3d!important;\n}\n\n.bloque-especialidades .btnEsp a:hover{\ncolor:white!important;\n}\n\n.demo .bod-block-popup.size-m {\n   background: linear-gradient(0deg, #ffffff 0%, rgb(249 249 249) 41%)!important;\n}\n\n.gb-container-8378da3e:before {\n  transform: rotateX(346deg);\n  animation: bg-animation 30s linear infinite; \/* Cambia el valor 10s por la duraci\u00f3n deseada *\/\n}\n\n@keyframes bg-animation {\n  0% {\n    transform: scale(1);\n  }\n  50% {\n    transform: scale(1.1) rotate(00deg);\n  }\n  100% {\n    transform: scale(1)  rotate(00deg);\n  }\n}\n\n.wp-block-bod-modal-block .bod-btn, .bod-block-close-btn .bod-btn {\n    background: linear-gradient(0deg, #c74d5f 00%, rgba(143,45,59,1) 71%);\n    border-radius: 15px;\n    padding: 13px 25px;\n    transition:0.5s;\n    font-size:14px;\n    font-weight: 600;\n}\n\n.wp-block-bod-modal-block .bod-btn:hover{\nbackground: linear-gradient(0deg, #093c75 00%, #093c75 71%);\ntransform: translate3d(0px,-5px,0);\n}\n\n.eim-programa-descarga-dossier {\n    margin-top: 0px;\n}\n\n\n.wp-block-video [poster] {\n    border-radius: 5px;\n}\n\n@media only screen and (max-width: 767px){\n.home .gb-grid-wrapper {\n    display: flex;\n}}\n\n.bloque-mediadores .slick-arrow:hover {\n    background: #ffffff;\n}\n\n.post {\n    border: none;\n    border-radius: none;\n    padding: none;\n    box-shadow: none;\n}\n\n<\/style>\n\n\n\n<script>\njQuery(document).ready(function() {\n    setTimeout(function() {\n      jQuery('.ti-reviews-container-wrapper').children().eq(3).remove();\n    }, 3000);\nconsole.log(\"Ejecutado\");\n  });\n<\/script>\n","protected":false},"excerpt":{"rendered":"<p>Harvard ManageMentor Leadership Desenvolupa compet\u00e8ncies clau com lideratge, negociaci\u00f3, treball en equip i gesti\u00f3 de conflictes, amb una visi\u00f3 global i orientada a l&#039;excel\u00b7l\u00e8ncia professional. Una oportunitat \u00fanica per formar-te com un\/a professional 360\u00ba, preparat\/da per a qualsevol \u00e0mbit. Potenciem la teva ocupabilitat. Titulaci\u00f3: Harvard ManageMentor Leadership. Inici:Matr\u00edcula oberta Idioma:Espanyol \/ Angl\u00e8s \u2026 <a title=\"Harvard ManageMentor\" class=\"read-more\" href=\"https:\/\/eimediacion.edu.es\/cat\/harvard-certification\/\" aria-label=\"M\u00e9s informaci\u00f3 sobre Harvard ManageMentor\">Llegir m\u00e9s<\/a><\/p>","protected":false},"author":54,"featured_media":0,"parent":0,"menu_order":0,"comment_status":"closed","ping_status":"closed","template":"","meta":{"inline_featured_image":false,"footnotes":""},"class_list":["post-43159","page","type-page","status-publish"],"_links":{"self":[{"href":"https:\/\/eimediacion.edu.es\/cat\/wp-json\/wp\/v2\/pages\/43159","targetHints":{"allow":["GET"]}}],"collection":[{"href":"https:\/\/eimediacion.edu.es\/cat\/wp-json\/wp\/v2\/pages"}],"about":[{"href":"https:\/\/eimediacion.edu.es\/cat\/wp-json\/wp\/v2\/types\/page"}],"author":[{"embeddable":true,"href":"https:\/\/eimediacion.edu.es\/cat\/wp-json\/wp\/v2\/users\/54"}],"replies":[{"embeddable":true,"href":"https:\/\/eimediacion.edu.es\/cat\/wp-json\/wp\/v2\/comments?post=43159"}],"version-history":[{"count":11,"href":"https:\/\/eimediacion.edu.es\/cat\/wp-json\/wp\/v2\/pages\/43159\/revisions"}],"predecessor-version":[{"id":46237,"href":"https:\/\/eimediacion.edu.es\/cat\/wp-json\/wp\/v2\/pages\/43159\/revisions\/46237"}],"wp:attachment":[{"href":"https:\/\/eimediacion.edu.es\/cat\/wp-json\/wp\/v2\/media?parent=43159"}],"curies":[{"name":"wp","href":"https:\/\/api.w.org\/{rel}","templated":true}]}}