{"id":41343,"date":"2023-09-14T12:48:44","date_gmt":"2023-09-14T10:48:44","guid":{"rendered":"https:\/\/eimediacion.edu.es\/?post_type=evento&#038;p=41343"},"modified":"2023-09-14T12:51:19","modified_gmt":"2023-09-14T10:51:19","slug":"mediacion-laboral-la-herramienta-mas-eficaz-para-la-gestion-de-conflictos-en-la-empresa","status":"publish","type":"evento","link":"https:\/\/eimediacion.edu.es\/cat\/eventos\/mediacion-laboral-la-herramienta-mas-eficaz-para-la-gestion-de-conflictos-en-la-empresa\/","title":{"rendered":"Mediaci\u00f3 laboral. L&#039;eina m\u00e9s efica\u00e7 per a la gesti\u00f3 de conflictes a l&#039;empresa."},"content":{"rendered":"<div class=\"gb-container gb-container-ed3d7933\" id=\"Descripci\u00f3n\">\n\n<h2 class=\"gb-headline gb-headline-a9e1ab3c gb-headline-text alturaLinea\"><strong>Descripci\u00f3 del <span style=\"background-image: linear-gradient(195deg,#e1e1e1,#f9f9f9);background-repeat: no-repeat;background-position: 9px bottom;background-size: 100% 17px;border-radius: 110px;\"><strong><strong>EIM Talks<\/strong>:<\/strong><\/span><\/strong><\/h2>\n\n\n\n<p>Amplia els teus serveis i sortides professionals i gestiona de manera efica\u00e7 els conflictes a la teva empresa. De la m\u00e0 de Jos\u00e9 Jara Terr\u00e9s, Advocat Civil, Penal, Laboral i Mediador, coneixer\u00e0s alguns dels conflictes laborals d&#039;actualitat, la import\u00e0ncia de fer servir la Mediaci\u00f3 Per gestionar aquests conflictes i la necessitat de formar-nos de la m\u00e0 de la millor Escola.<\/p>\n\n<\/div>\n\n<div class=\"gb-container gb-container-8e34316e\" id=\"Bot\u00f3n\">\n\n<figure class=\"wp-block-embed is-type-video is-provider-youtube wp-block-embed-youtube wp-embed-aspect-16-9 wp-has-aspect-ratio\"><div class=\"wp-block-embed__wrapper\">\n<iframe loading=\"lazy\" title=\"Mediaci\u00f3 laboral. L&#039;eina m\u00e9s efica\u00e7 per a la gesti\u00f3 de conflictes a l&#039;empresa\" width=\"1200\" height=\"675\" src=\"https:\/\/www.youtube.com\/embed\/f-3d3AjyKJY?start=271&#038;feature=oembed\" frameborder=\"0\" allow=\"accelerometer; autoplay; clipboard-write; encrypted-media; gyroscope; picture-in-picture; web-share\" allowfullscreen><\/iframe>\n<\/div><\/figure>\n\n<\/div>\n\n<div class=\"gb-container gb-container-9c69f0b4\" id=\"Imagen\">\n<figure class=\"gb-block-image gb-block-image-5ba5a10e\"><img loading=\"lazy\" decoding=\"async\" width=\"1312\" height=\"875\" src=\"https:\/\/eimediacion.edu.es\/wp-content\/uploads\/2023\/03\/reunion-asociacion-b2b-apreton-manos-empresarios-colaboracion-bienvenida-o-exito-innovacion-trabajo-equipo-empresa-mujer-hombre-felices-dandose-mano-trato-gracias-o-promocion-laboral-1.jpg\" class=\"gb-image-5ba5a10e\" alt=\"mediaci\u00f3n mujer\" srcset=\"https:\/\/eimediacion.edu.es\/wp-content\/uploads\/2023\/03\/reunion-asociacion-b2b-apreton-manos-empresarios-colaboracion-bienvenida-o-exito-innovacion-trabajo-equipo-empresa-mujer-hombre-felices-dandose-mano-trato-gracias-o-promocion-laboral-1.jpg 1312w, https:\/\/eimediacion.edu.es\/wp-content\/uploads\/2023\/03\/reunion-asociacion-b2b-apreton-manos-empresarios-colaboracion-bienvenida-o-exito-innovacion-trabajo-equipo-empresa-mujer-hombre-felices-dandose-mano-trato-gracias-o-promocion-laboral-1-261x174.jpg 261w, https:\/\/eimediacion.edu.es\/wp-content\/uploads\/2023\/03\/reunion-asociacion-b2b-apreton-manos-empresarios-colaboracion-bienvenida-o-exito-innovacion-trabajo-equipo-empresa-mujer-hombre-felices-dandose-mano-trato-gracias-o-promocion-laboral-1-1024x683.jpg 1024w, https:\/\/eimediacion.edu.es\/wp-content\/uploads\/2023\/03\/reunion-asociacion-b2b-apreton-manos-empresarios-colaboracion-bienvenida-o-exito-innovacion-trabajo-equipo-empresa-mujer-hombre-felices-dandose-mano-trato-gracias-o-promocion-laboral-1-768x512.jpg 768w, https:\/\/eimediacion.edu.es\/wp-content\/uploads\/2023\/03\/reunion-asociacion-b2b-apreton-manos-empresarios-colaboracion-bienvenida-o-exito-innovacion-trabajo-equipo-empresa-mujer-hombre-felices-dandose-mano-trato-gracias-o-promocion-laboral-1-1200x800.jpg 1200w\" sizes=\"auto, (max-width: 1312px) 100vw, 1312px\" title=\"\"><\/figure>\n<\/div>","protected":false},"excerpt":{"rendered":"<p>Descripci\u00f3 de l&#039;EIM Talks: Amplia els teus serveis i sortides professionals i gestiona de manera efica\u00e7 els conflictes a la teva empresa. De la m\u00e0 de Jos\u00e9 Jara Terr\u00e9s, Advocat Civil, Penal, Laboral i Mediador, coneixer\u00e0s alguns dels conflictes laborals d&#039;actualitat, la import\u00e0ncia de fer servir la Mediaci\u00f3 Per gestionar aquests \u2026 <a title=\"Mediaci\u00f3 laboral. L&#039;eina m\u00e9s efica\u00e7 per a la gesti\u00f3 de conflictes a l&#039;empresa.\" class=\"read-more\" href=\"https:\/\/eimediacion.edu.es\/cat\/eventos\/mediacion-laboral-la-herramienta-mas-eficaz-para-la-gestion-de-conflictos-en-la-empresa\/\" aria-label=\"M\u00e9s informaci\u00f3 sobre Mediaci\u00f3 laboral. L&#039;eina m\u00e9s efica\u00e7 per a la gesti\u00f3 de conflictes a l&#039;empresa.\">Llegir m\u00e9s<\/a><\/p>","protected":false},"featured_media":38199,"template":"","area_evento":[],"class_list":["post-41343","evento","type-evento","status-publish","has-post-thumbnail","hentry"],"_links":{"self":[{"href":"https:\/\/eimediacion.edu.es\/cat\/wp-json\/wp\/v2\/evento\/41343","targetHints":{"allow":["GET"]}}],"collection":[{"href":"https:\/\/eimediacion.edu.es\/cat\/wp-json\/wp\/v2\/evento"}],"about":[{"href":"https:\/\/eimediacion.edu.es\/cat\/wp-json\/wp\/v2\/types\/evento"}],"version-history":[{"count":0,"href":"https:\/\/eimediacion.edu.es\/cat\/wp-json\/wp\/v2\/evento\/41343\/revisions"}],"wp:featuredmedia":[{"embeddable":true,"href":"https:\/\/eimediacion.edu.es\/cat\/wp-json\/wp\/v2\/media\/38199"}],"wp:attachment":[{"href":"https:\/\/eimediacion.edu.es\/cat\/wp-json\/wp\/v2\/media?parent=41343"}],"wp:term":[{"taxonomy":"area_evento","embeddable":true,"href":"https:\/\/eimediacion.edu.es\/cat\/wp-json\/wp\/v2\/area_evento?post=41343"}],"curies":[{"name":"wp","href":"https:\/\/api.w.org\/{rel}","templated":true}]}}

Mediació laboral. L&#039;eina més eficaç per a la gestió de conflictes a l&#039;empresa.

<div class="gb-container gb-container-ed3d7933" id="Descripción">

<h2 class="gb-headline gb-headline-a9e1ab3c gb-headline-text alturaLinea"><strong>Descripció del <span style="background-image: linear-gradient(195deg,#e1e1e1,#f9f9f9);background-repeat: no-repeat;background-position: 9px bottom;background-size: 100% 17px;border-radius: 110px;"><strong><strong>EIM Talks</strong>:</strong></span></strong></h2>



<p>Amplia els teus serveis i sortides professionals i gestiona de manera eficaç els conflictes a la teva empresa. De la mà de José Jara Terrés, Advocat Civil, Penal, Laboral i Mediador, coneixeràs alguns dels conflictes laborals d&#039;actualitat, la importància de fer servir la Mediació Per gestionar aquests conflictes i la necessitat de formar-nos de la mà de la millor Escola.</p>

</div>

<div class="gb-container gb-container-8e34316e" id="Botón">

<figure class="wp-block-embed is-type-video is-provider-youtube wp-block-embed-youtube wp-embed-aspect-16-9 wp-has-aspect-ratio"><div class="wp-block-embed__wrapper">
<iframe loading="lazy" title="Mediació laboral. L&#039;eina més eficaç per a la gestió de conflictes a l&#039;empresa" width="1200" height="675" src="https://www.youtube.com/embed/f-3d3AjyKJY?start=271&#038;feature=oembed" frameborder="0" allow="accelerometer; autoplay; clipboard-write; encrypted-media; gyroscope; picture-in-picture; web-share" allowfullscreen></iframe>
</div></figure>

</div>

<div class="gb-container gb-container-9c69f0b4" id="Imagen">
<figure class="gb-block-image gb-block-image-5ba5a10e"><img loading="lazy" decoding="async" width="1312" height="875" src="https://eimediacion.edu.es/wp-content/uploads/2023/03/reunion-asociacion-b2b-apreton-manos-empresarios-colaboracion-bienvenida-o-exito-innovacion-trabajo-equipo-empresa-mujer-hombre-felices-dandose-mano-trato-gracias-o-promocion-laboral-1.jpg" class="gb-image-5ba5a10e" alt="mediación mujer" srcset="https://eimediacion.edu.es/wp-content/uploads/2023/03/reunion-asociacion-b2b-apreton-manos-empresarios-colaboracion-bienvenida-o-exito-innovacion-trabajo-equipo-empresa-mujer-hombre-felices-dandose-mano-trato-gracias-o-promocion-laboral-1.jpg 1312w, https://eimediacion.edu.es/wp-content/uploads/2023/03/reunion-asociacion-b2b-apreton-manos-empresarios-colaboracion-bienvenida-o-exito-innovacion-trabajo-equipo-empresa-mujer-hombre-felices-dandose-mano-trato-gracias-o-promocion-laboral-1-261x174.jpg 261w, https://eimediacion.edu.es/wp-content/uploads/2023/03/reunion-asociacion-b2b-apreton-manos-empresarios-colaboracion-bienvenida-o-exito-innovacion-trabajo-equipo-empresa-mujer-hombre-felices-dandose-mano-trato-gracias-o-promocion-laboral-1-1024x683.jpg 1024w, https://eimediacion.edu.es/wp-content/uploads/2023/03/reunion-asociacion-b2b-apreton-manos-empresarios-colaboracion-bienvenida-o-exito-innovacion-trabajo-equipo-empresa-mujer-hombre-felices-dandose-mano-trato-gracias-o-promocion-laboral-1-768x512.jpg 768w, https://eimediacion.edu.es/wp-content/uploads/2023/03/reunion-asociacion-b2b-apreton-manos-empresarios-colaboracion-bienvenida-o-exito-innovacion-trabajo-equipo-empresa-mujer-hombre-felices-dandose-mano-trato-gracias-o-promocion-laboral-1-1200x800.jpg 1200w" sizes="auto, (max-width: 1312px) 100vw, 1312px" title=""></figure>
</div>

<p>Descripció de l&#039;EIM Talks: Amplia els teus serveis i sortides professionals i gestiona de manera eficaç els conflictes a la teva empresa. De la mà de José Jara Terrés, Advocat Civil, Penal, Laboral i Mediador, coneixeràs alguns dels conflictes laborals d&#039;actualitat, la importància de fer servir la Mediació Per gestionar aquests … <a title="Mediació laboral. L&#039;eina més eficaç per a la gestió de conflictes a l&#039;empresa." class="read-more" href="https://eimediacion.edu.es/cat/eventos/mediacion-laboral-la-herramienta-mas-eficaz-para-la-gestion-de-conflictos-en-la-empresa/" aria-label="Més informació sobre Mediació laboral. L&#039;eina més eficaç per a la gestió de conflictes a l&#039;empresa.">Llegir més</a></p>
